. Suppose -w = 2*n + 4*w - 12, -5*n - 12 = q*w. Let p(g) = -g**2 - 5*g + 2. List the prime factors of p(n).
2, 3
Let b be (-6)/(-39) + 60/(-52). List the prime factors of (39 - -6) + 1/b.
2, 11
Suppose -5*n - 2*j - j - 202 = 0, -3*j - 161 = 4*n. Let f = n - -66. List the prime factors of f.
5
Suppose -4*b = -4*z + 520, z + 0*z + 5*b = 148. List the prime factors of z.
7, 19
Let o be 40*(-2)/((-24)/21). Suppose -20 = -5*z + o. What are the prime factors of z?
2, 3
List the prime factors of 18 + (0 + 3 - 2).
19
Let z be ((-21)/(-14))/((-2)/(-4)). Suppose -z*v + 0 = -9. Suppose -2*a - 20 = -v*a. What are the prime factors of a?
2, 5
Suppose 4*f - 3*f = 0. Let k = f - -8. List the prime factors of k.
2
Let d(p) = p**3 - 4*p**2 - 2*p - 5. Let s = 17 - 12. List the prime factors of d(s).
2, 5
Let s = -3 - -7. Let t be 2/s*2*4. Suppose f - t = 4. What are the prime factors of f?
2
Let c(z) = -z**3 + 6*z**2 + 4*z - 7. List the prime factors of c(6).
17
Let d = -4 + 0. List the prime factors of d/6 + (-123)/(-9).
13
Let z(k) = 4*k**2 - 2*k - 2. Let w be z(5). Suppose 0*g = 4*g - w. What are the prime factors of g?
2, 11
Let u = 3 - 6. Let q(o) = -o**2 - 5*o - 2. List the prime factors of q(u).
2
Let g be ((-55)/(-20))/(1/4). Suppose -5*i + g = -44. List the prime factors of i.
11
Suppose 2*z = 25 - 11. What are the prime factors of z?
7
Let g be 2/(-9) - 184/(-18). Let c(a) = -a**3 - a**2 - a. Let d(w) = 5*w**3 - 6*w**2 + 4*w - 12. Let n(k) = -4*c(k) - d(k). List the prime factors of n(g).
2, 3
Suppose 2*c = 4*c. Suppose c = -x - 4*x + 35. Suppose 2*t - x + 1 = 0. List the prime factors of t.
3
Let b be (2/3)/((-1)/(-6)). Suppose -15 = -h - b*a, -2*h + h = -5*a + 12. What are the prime factors of h?
3
Let x(v) = 3*v**2 - 2*v - v**3 - 3*v - 1 + 0 + 4*v**2. Let f be 0 - (1 + 1 - 8). List the prime factors of x(f).
5
Suppose -w + 2*w + 2 = 0. Let v be (3 - w) + 1 + -2. Suppose 3*p - 14 = -0*p + 2*s, -8 = -v*s. List the prime factors of p.
2, 3
Let v = -73 - -196. What are the prime factors of v?
3, 41
Suppose 5*j = z + 4 - 0, -4 = -z - 3*j. Let o = 17 + z. List the prime factors of o.
2, 3
Let w = 8 + -6. Let z be 1/(-1) + (w - -3). Let r(a) = 2*a - 1. List the prime factors of r(z).
7
Suppose 2*g + 66 = -3*q + 5*q, 117 = 4*q + g. What are the prime factors of q?
2, 3, 5
Suppose 4*q = -2*b + 208, -119 = -4*q + b + 101. What are the prime factors of q?
2, 3
Let i = 26 - 21. What are the prime factors of i?
5
Let h be (8/(-5))/(1/5). Let s = 25 + h. List the prime factors of s.
17
Suppose u + 621 = 10*u. List the prime factors of u.
3, 23
Suppose 3*r - 100 = -k, -k + 50 = 2*r + 3*k. What are the prime factors of r?
5, 7
Let t(o) = -o**3 - 7*o**2 - 2. Let b be t(-7). Let x be 14 + (-6)/4*b. Suppose 2*d - 4 = 3*d, 3*f + d = x. What are the prime factors of f?
7
Let t be -4 + ((-8)/(-4) - 12). Let q = t - -24. List the prime factors of q.
2, 5
Suppose 11*o = 4*o - 35. Let k = -5 + 17. Let n = o + k. List the prime factors of n.
7
Suppose 3*l = 2*y - 0*y + 29, y = 2*l - 18. List the prime factors of l.
7
Let s be (2/(-3))/(20/330). Let x = 26 - s. List the prime factors of x.
37
Let g be (-78)/(-1 + -2) + -2. Let m = -16 + g. Suppose 0 = -z - 0*z + m. List the prime factors of z.
2
Suppose -5*n - 3*f + 191 = 0, 0*f = -2*n + 5*f + 64. List the prime factors of n.
37
Let r(j) = j + 2. Suppose 0 = n - 4*m - 26, 4*n + 9 - 57 = 2*m. What are the prime factors of r(n)?
2, 3
Let g(d) = -39*d**3 - d**2 - 2*d. Let r be g(-1). Suppose -3*h - 68 = -2*n, 4*n - r = 2*n - 4*h. What are the prime factors of n?
2, 7
Suppose -342 = -15*x + 12*x. List the prime factors of x.
2, 3, 19
Suppose 5 = 4*l + 2*j - 1, -5*l = -2*j + 15. Let c(q) = -14*q**3 - q**2 - 2*q - 1. List the prime factors of c(l).
2, 7
Suppose 0*y + 12 = 3*y. Suppose w = -y*w. Suppose 36 + 6 = 3*l + 5*t, l - t - 14 = w. What are the prime factors of l?
2, 7
Suppose 5*w = -0*w + 210. List the prime factors of w.
2, 3, 7
Let j be 4/(-2) + 4 + 1. Let q be 3 - 1 - (j + 30). Let k = -19 - q. What are the prime factors of k?
2, 3
Let a = 174 + 237. List the prime factors of a.
3, 137
Let o be ((-84)/18)/((-2)/3). Let a = o - 3. Suppose -a*m - 4*t = 8, -3*m + 24 = -5*t + 2*t. List the prime factors of m.
3
Let c = 67 - 39. List the prime factors of c.
2, 7
List the prime factors of (-6745)/(-30) - (-5)/30.
3, 5
Suppose -276 = -4*x + 164. What are the prime factors of x?
2, 5, 11
Suppose -4*k + 15 + 89 = 0. What are the prime factors of k?
2, 13
Suppose 0 = -0*t - 2*t + 12. What are the prime factors of t?
2, 3
Let q(d) = d**2 + 4*d + 10. What are the prime factors of q(5)?
5, 11
Let u(f) = -10*f**2 + 5*f - 11 + 1 + 4*f**2 - f**3. Let b be u(-7). Suppose 0 = -c - b*i - 3, -i = -0*c + 2*c - 15. What are the prime factors of c?
3
Suppose 53 = 5*g + 4*u, 0*g - 3*u = 5*g - 51. Suppose 2*s - 43 + g = 0. List the prime factors of s.
17
Suppose 18 = 2*m - 4*y, 2*m - 3*y - 8 = 7. Suppose 7*q = m*q. Suppose 3*l - 21 = -q. What are the prime factors of l?
7
Suppose 0 = -5*o + 3*o. Let p = o + 6. Let n(k) = k**2 - 5*k + 7. List the prime factors of n(p).
13
Suppose -2*s + 21 = -19. List the prime factors of s.
2, 5
Let t be 35*(24/(-20))/3. Let f = 39 + t. List the prime factors of f.
5
Let x(j) be the second derivative of j**3/6 + 2*j**2 - 3*j. What are the prime factors of x(7)?
11
Let n(l) = -l**2 - 8*l - 11. List the prime factors of n(-5).
2
Let w(l) = l**3 + 6*l**2 + 4*l - 1. Let j be ((-2)/3)/(6/9). Let x be ((-10)/4)/(j/(-2)). List the prime factors of w(x).
2
Suppose -3*p - 72 = p. Suppose 5*s + 68 = 3*z, -4*s - 53 = -z - 0*z. Let x = s - p. List the prime factors of x.
5
Suppose 4*n - y - 1081 = 0, -5*y = -5*n + 382 + 958. List the prime factors of n.
271
Let u(t) = 11*t**2 - 9*t + 5. List the prime factors of u(4).
5, 29
Suppose 0 = 3*a + 3*l - 66, 5 = -2*a - 5*l + 58. List the prime factors of a.
19
Suppose 2*k + 2 - 6 = 0. Suppose k*h = -0*h + 90. Suppose -3*r + h = 2*r. List the prime factors of r.
3
Let a(n) be the third derivative of n**5/60 + 5*n**3/6 + 4*n**2. List the prime factors of a(-7).
2, 3
Let r(d) = -d. Let a be r(-8). What are the prime factors of 34/10 - a/20?
3
What are the prime factors of 15*(-1)/(-3) - -186?
191
Let u(i) = -i**3 + 5*i**2 + 6*i + 5. Let v be u(7). Let f = -24 - v. List the prime factors of f.
3
Let q(j) = j**3 + 17*j**2 - 21*j - 13. Let g be 1 - (-1 - 40/(-2)). What are the prime factors of q(g)?
41
Let x = 9 + -6. Suppose 0*v = -x*v. Suppose v = -3*f + f + 12. List the prime factors of f.
2, 3
Let w(q) = -q**3 - 9*q**2 - 3*q - 2. List the prime factors of w(-9).
5
Let o be -2*(-2)/(-2) - 0. List the prime factors of (-1)/(-3)*o*-12.
2
Let t = 10 - -45. What are the prime factors of t?
5, 11
Let q be 0/(-3) + -2 + 67. Let i = q + -39. List the prime factors of i.
2, 13
Let g = 7 - -5. List the prime factors of g.
2, 3
What are the prime factors of 13/(-2 + 2/((-14)/(-15)))?
7, 13
Suppose -x + 4 + 99 = 0. Suppose -5*k - 8 + x = 0. What are the prime factors of k?
19
Let q(v) = 3*v**2 - 2*v - 1. List the prime factors of q(-5).
2, 3, 7
Let y(q) be the third derivative of -q**5/30 - q**4/6 - q**3/3 + q**2. Let z be y(-2). List the prime factors of 6 - 3/((-3)/z).
2
Let k(d) = -d**2 + 5*d - 1. Let x(r) = 2*r**2 - 9*r + 1. Let y(t) = 7*k(t) + 4*x(t). What are the prime factors of y(4)?
3
Let h(n) = -n**2 + 7*n + 8. Let t be h(8). Let a(w) = -w**2 - w + 1. Let c be a(t). Let o = 2 + c. List the prime factors of o.
3
Let w be -12*(2 + -1)/(-2). Let r be w/(-15)*(-50 - 0). Suppose -2*c - 3*g - 8 + r = 0, 5*c - g = 30. List the prime factors of c.
2, 3
Suppose 5*j = 3*t - 11, j + 0*j + 11 = 5*t. Let z(s) = -13*s**2 - 2. Let f(y) = 1. Let r(l) = -3*f(l) - z(l). What are the prime factors of r(j)?
2, 3
Let c(n) = -n**3 - 5*n**2 + 11*n + 22. List the prime factors of c(-7).
43
Suppose 11*z - 432 = 8*z. List the prime factors of z.
2, 3
Let m be -1*2 + 3 + -2. Let s(u) = -4*u**3 - 6*u**3 + 3*u**3 - 1. What are the prime factors of s(m)?
2, 3
Let i(t) = -t**3 - 11*t**2 - 10*t + 10. List the prime factors of i(-10).
2, 5
Let a(b) = 25*b**3 - 2*b**2 + b + 3. List the prime factors of a(2).
197
Let f(g) = -g**2 + 12*g. Let q be f(10). Let m(i) = -2*i**2 + 5*i. Let r be m(4). Let w = r + q. List 